{"id":31,"date":"2021-04-16T12:07:41","date_gmt":"2021-04-16T10:07:41","guid":{"rendered":"https:\/\/www.vallivaldesi.chiesavaldese.org\/torre-pellice\/?page_id=31"},"modified":"2021-04-16T12:21:24","modified_gmt":"2021-04-16T10:21:24","slug":"storia","status":"publish","type":"page","link":"https:\/\/vallivaldesi.chiesavaldese.org\/torre-pellice\/storia\/","title":{"rendered":"Storia"},"content":{"rendered":"\n<p>La Bibbia aperta sul tavolo, sempre. Alla spalle il pulpito dal quale il pastore, nella predicazione della Parola \u2013 momento centrale del culto protestante \u2013 esprime la sua fede e quella della comunit\u00e0; le pareti prive di qualsiasi immagine; l\u2019organo per accompagnare il canto degli inni, elemento fondamentale della liturgia. In questo spazio che compendia i principi basilari del protestantesimo, \u201cl\u2019essere chiesa\u201d diventa sostanza. Da qui partono i passi successivi, il dialogo territoriale e interconfessionale, l\u2019impegno e la concretezza dell\u2019agire. Ma il culto \u00e8 \u2013 e deve rimanere \u2013 il momento centrale e fondante di una comunit\u00e0 di fede; il momento in cui tutte quelle diverse attivit\u00e0, tutte le sensibilit\u00e0, tutte le diversit\u00e0 che la nostra comunit\u00e0 esprime si riuniscono, si ricompongono, si arricchiscono reciprocamente per dare lode al Signore e per ascoltare la sua Parola.<\/p>\n\n\n\n<p>Essere valdesi nel contesto delle nostre Valli significa anche vivere un intreccio di fede, storia, identit\u00e0. Questi \u201cingredienti\u201d sono presenti in misura diversa in ciascuno e ciascuna; ci\u00f2 che unisce \u00e8 l\u2019appartenenza alla comunit\u00e0 di fede: non si \u00e8 valdesi da soli. Per questo nell\u2019ambito della nostra chiesa coesistono numerose attivit\u00e0 in cui tutte e tutti possono trovare modo di esprimere i propri talenti e offrire un po\u2019 del proprio tempo: dal canto allo studio biblico, dalla societ\u00e0 di cucito al gruppo giovani, dall\u2019iniziativa del tempio aperto ai progetti di diaconia e presenza nel sociale.<\/p>\n\n\n\n<p>L\u2019identit\u00e0 e il modo di vivere la fede che ci caratterizzano sono maturate attraverso secoli ricchi di avvenimenti, dove si sono alternati periodi di relativa pace e libert\u00e0 di culto a lunghi anni di persecuzioni e segregazione: l\u2019insediamento dei primi valdesi nei territori de <em>La Tour<\/em> cui segue il confinamento nel \u201cghetto\u201d secondo le limitazioni territoriali imposte nel Cinquecento, l\u2019adesione alla Riforma protestante nel 1532, il secolo buio del Seicento, che porta con s\u00e9 l\u2019assolutismo monarchico e religioso e le persecuzioni feroci volte a sterminare il popolo valdese ma che culminer\u00e0 con il Glorioso Rimpatrio del 1689. Il Settecento segna una forte apertura verso l\u2019Europa, con l\u2019appoggio politico ed economico delle grandi potenze protestanti per arrivare all\u2019Ottocento, in cui Carlo Alberto di Savoia conceder\u00e0, con le Lettere Patenti (1848) i diritti politici e civili: evento culminante che porta con s\u00e9 anche l\u2019autorizzazione alla costruzione di un nuovo tempio (quello del Centro, inaugurato nel 1852); il pi\u00f9 antico (tempio dei Coppieri), edificato secondo la tradizione nel 1556, aveva accolto per secoli il dolore e il coraggio di una comunit\u00e0 perseguitata, segregata, condannata alla prigionia e all\u2019esilio, che nel 1848 aveva potuto finalmente abbandonarsi alla gioia e celebrare il culto di ringraziamento. Oggi la comunit\u00e0 di Torre Pellice si riunisce in entrambi i templi (orari e indirizzi sono indicati nei \u201cContatti\u201d)<\/p>\n\n\n\n<figure class=\"wp-block-image size-large\"><img loading=\"lazy\" decoding=\"async\" width=\"934\" height=\"651\" src=\"https:\/\/www.vallivaldesi.chiesavaldese.org\/torre-pellice\/wp-content\/uploads\/sites\/15\/2021\/04\/coppieri.png\" alt=\"\" class=\"wp-image-43\" srcset=\"https:\/\/vallivaldesi.chiesavaldese.org\/torre-pellice\/wp-content\/uploads\/sites\/15\/2021\/04\/coppieri.png 934w, https:\/\/vallivaldesi.chiesavaldese.org\/torre-pellice\/wp-content\/uploads\/sites\/15\/2021\/04\/coppieri-300x209.png 300w, https:\/\/vallivaldesi.chiesavaldese.org\/torre-pellice\/wp-content\/uploads\/sites\/15\/2021\/04\/coppieri-768x535.png 768w\" sizes=\"auto, (max-width: 934px) 100vw, 934px\" \/><\/figure>\n\n\n\n<p>La concessione delle libert\u00e0 dar\u00e0 un vivo impulso all\u2019evangelizzazione verso il resto d\u2019Italia e un forte impegno sul territorio locale rivolto, in particolare, all\u2019istruzione e al sociale.<\/p>\n\n\n\n<p>Il \u201clibro aperto\u201d che a Torre Pellice richiama la stretta connessione tra fede religiosa e istruzione \u00e8 rappresentato dal <strong>Quartiere valdese<\/strong>. Ubicato lungo la via Beckwith, nella parte occidentale di Torre Pellice interdetta ai valdesi fino al 1848, comprende oltre al gi\u00e0 citato tempio del Centro: il presbiterio, il Collegio valdese, le case dei professori, l\u2019edificio del <em>Pensionnat<\/em> (oggi parte del complesso della Foresteria), la Casa valdese (nella cui aula si svolge l\u2019annuale Sinodo), la Casa unionista, il Convitto (attualmente ospita la Fondazione Centro vulturale valdese &#8211; comprendente il Museo, la Biblioteca e l\u2019Ufficio di promozione degli itinerari valdesi \u201cil barba\u201d -, la Societ\u00e0 di Studi valdesi, gli archivi della Tavola valdese e della Societ\u00e0 di Studi valdesi, l\u2019Archivio fotografico, l\u2019Ufficio beni culturali della Tavola valdese). Il monumento dedicato a Henri Arnaud, posto all\u2019inizio di via Beckwith angolo via Roberto d\u2019Azeglio, \u00e8 l\u2019ultima opera in ordine cronologico di costruzione (fu inaugurato nel 1926).<\/p>\n\n\n\n<p>Poco distante si trova la Casa delle Diaconesse, mentre l\u2019Ospedale valdese, inaugurato nel 1826, \u00e8 stato costruito a circa un chilometrico dal concentrico.<\/p>\n\n\n\n<p>In questo contesto cos\u00ec ricco si percepisce un forte attaccamento al territorio locale, ma si respira anche aria internazionale, alimentata ancora oggi dai numerosi stranieri in visita al Museo valdese e ai luoghi storici, alla scoperta delle nostre origini e della nostra storia.<\/p>\n\n\n\n<p>La comunit\u00e0 di Torre Pellice \u00e8 aperta, dialogante e collaborativa: con le istituzioni pubbliche e con le associazioni sul territorio sono presenti tavoli di confronto e di progettazione di iniziative solidali e di aiuto al prossimo. Organizziamo e ospitiamo eventi culturali: concerti, conferenze, mostre e altre iniziative.<\/p>\n","protected":false},"excerpt":{"rendered":"<p>La Bibbia aperta sul tavolo, sempre. Alla spalle il pulpito dal quale il pastore, nella predicazione della Parola \u2013 momento centrale del culto protestante \u2013 esprime la sua fede e<\/p>\n","protected":false},"author":1,"featured_media":0,"parent":0,"menu_order":0,"comment_status":"closed","ping_status":"closed","template":"","meta":{"footnotes":""},"class_list":["post-31","page","type-page","status-publish","hentry"],"jetpack_sharing_enabled":true,"_links":{"self":[{"href":"https:\/\/vallivaldesi.chiesavaldese.org\/torre-pellice\/wp-json\/wp\/v2\/pages\/31","targetHints":{"allow":["GET"]}}],"collection":[{"href":"https:\/\/vallivaldesi.chiesavaldese.org\/torre-pellice\/wp-json\/wp\/v2\/pages"}],"about":[{"href":"https:\/\/vallivaldesi.chiesavaldese.org\/torre-pellice\/wp-json\/wp\/v2\/types\/page"}],"author":[{"embeddable":true,"href":"https:\/\/vallivaldesi.chiesavaldese.org\/torre-pellice\/wp-json\/wp\/v2\/users\/1"}],"replies":[{"embeddable":true,"href":"https:\/\/vallivaldesi.chiesavaldese.org\/torre-pellice\/wp-json\/wp\/v2\/comments?post=31"}],"version-history":[{"count":2,"href":"https:\/\/vallivaldesi.chiesavaldese.org\/torre-pellice\/wp-json\/wp\/v2\/pages\/31\/revisions"}],"predecessor-version":[{"id":47,"href":"https:\/\/vallivaldesi.chiesavaldese.org\/torre-pellice\/wp-json\/wp\/v2\/pages\/31\/revisions\/47"}],"wp:attachment":[{"href":"https:\/\/vallivaldesi.chiesavaldese.org\/torre-pellice\/wp-json\/wp\/v2\/media?parent=31"}],"curies":[{"name":"wp","href":"https:\/\/api.w.org\/{rel}","templated":true}]}}

<p>La Bibbia aperta sul tavolo, sempre. Alla spalle il pulpito dal quale il pastore, nella predicazione della Parola – momento centrale del culto protestante – esprime la sua fede e quella della comunità; le pareti prive di qualsiasi immagine; l’organo per accompagnare il canto degli inni, elemento fondamentale della liturgia. In questo spazio che compendia i principi basilari del protestantesimo, “l’essere chiesa” diventa sostanza. Da qui partono i passi successivi, il dialogo territoriale e interconfessionale, l’impegno e la concretezza dell’agire. Ma il culto è – e deve rimanere – il momento centrale e fondante di una comunità di fede; il momento in cui tutte quelle diverse attività, tutte le sensibilità, tutte le diversità che la nostra comunità esprime si riuniscono, si ricompongono, si arricchiscono reciprocamente per dare lode al Signore e per ascoltare la sua Parola.</p>



<p>Essere valdesi nel contesto delle nostre Valli significa anche vivere un intreccio di fede, storia, identità. Questi “ingredienti” sono presenti in misura diversa in ciascuno e ciascuna; ciò che unisce è l’appartenenza alla comunità di fede: non si è valdesi da soli. Per questo nell’ambito della nostra chiesa coesistono numerose attività in cui tutte e tutti possono trovare modo di esprimere i propri talenti e offrire un po’ del proprio tempo: dal canto allo studio biblico, dalla società di cucito al gruppo giovani, dall’iniziativa del tempio aperto ai progetti di diaconia e presenza nel sociale.</p>



<p>L’identità e il modo di vivere la fede che ci caratterizzano sono maturate attraverso secoli ricchi di avvenimenti, dove si sono alternati periodi di relativa pace e libertà di culto a lunghi anni di persecuzioni e segregazione: l’insediamento dei primi valdesi nei territori de <em>La Tour</em> cui segue il confinamento nel “ghetto” secondo le limitazioni territoriali imposte nel Cinquecento, l’adesione alla Riforma protestante nel 1532, il secolo buio del Seicento, che porta con sé l’assolutismo monarchico e religioso e le persecuzioni feroci volte a sterminare il popolo valdese ma che culminerà con il Glorioso Rimpatrio del 1689. Il Settecento segna una forte apertura verso l’Europa, con l’appoggio politico ed economico delle grandi potenze protestanti per arrivare all’Ottocento, in cui Carlo Alberto di Savoia concederà, con le Lettere Patenti (1848) i diritti politici e civili: evento culminante che porta con sé anche l’autorizzazione alla costruzione di un nuovo tempio (quello del Centro, inaugurato nel 1852); il più antico (tempio dei Coppieri), edificato secondo la tradizione nel 1556, aveva accolto per secoli il dolore e il coraggio di una comunità perseguitata, segregata, condannata alla prigionia e all’esilio, che nel 1848 aveva potuto finalmente abbandonarsi alla gioia e celebrare il culto di ringraziamento. Oggi la comunità di Torre Pellice si riunisce in entrambi i templi (orari e indirizzi sono indicati nei “Contatti”)</p>



<figure class="wp-block-image size-large"><img loading="lazy" decoding="async" width="934" height="651" src="https://www.vallivaldesi.chiesavaldese.org/torre-pellice/wp-content/uploads/sites/15/2021/04/coppieri.png" alt="" class="wp-image-43" srcset="https://vallivaldesi.chiesavaldese.org/torre-pellice/wp-content/uploads/sites/15/2021/04/coppieri.png 934w, https://vallivaldesi.chiesavaldese.org/torre-pellice/wp-content/uploads/sites/15/2021/04/coppieri-300x209.png 300w, https://vallivaldesi.chiesavaldese.org/torre-pellice/wp-content/uploads/sites/15/2021/04/coppieri-768x535.png 768w" sizes="auto, (max-width: 934px) 100vw, 934px" /></figure>



<p>La concessione delle libertà darà un vivo impulso all’evangelizzazione verso il resto d’Italia e un forte impegno sul territorio locale rivolto, in particolare, all’istruzione e al sociale.</p>



<p>Il “libro aperto” che a Torre Pellice richiama la stretta connessione tra fede religiosa e istruzione è rappresentato dal <strong>Quartiere valdese</strong>. Ubicato lungo la via Beckwith, nella parte occidentale di Torre Pellice interdetta ai valdesi fino al 1848, comprende oltre al già citato tempio del Centro: il presbiterio, il Collegio valdese, le case dei professori, l’edificio del <em>Pensionnat</em> (oggi parte del complesso della Foresteria), la Casa valdese (nella cui aula si svolge l’annuale Sinodo), la Casa unionista, il Convitto (attualmente ospita la Fondazione Centro vulturale valdese &#8211; comprendente il Museo, la Biblioteca e l’Ufficio di promozione degli itinerari valdesi “il barba” -, la Società di Studi valdesi, gli archivi della Tavola valdese e della Società di Studi valdesi, l’Archivio fotografico, l’Ufficio beni culturali della Tavola valdese). Il monumento dedicato a Henri Arnaud, posto all’inizio di via Beckwith angolo via Roberto d’Azeglio, è l’ultima opera in ordine cronologico di costruzione (fu inaugurato nel 1926).</p>



<p>Poco distante si trova la Casa delle Diaconesse, mentre l’Ospedale valdese, inaugurato nel 1826, è stato costruito a circa un chilometrico dal concentrico.</p>



<p>In questo contesto così ricco si percepisce un forte attaccamento al territorio locale, ma si respira anche aria internazionale, alimentata ancora oggi dai numerosi stranieri in visita al Museo valdese e ai luoghi storici, alla scoperta delle nostre origini e della nostra storia.</p>



<p>La comunità di Torre Pellice è aperta, dialogante e collaborativa: con le istituzioni pubbliche e con le associazioni sul territorio sono presenti tavoli di confronto e di progettazione di iniziative solidali e di aiuto al prossimo. Organizziamo e ospitiamo eventi culturali: concerti, conferenze, mostre e altre iniziative.</p>
