{"id":25,"date":"2020-05-25T15:33:29","date_gmt":"2020-05-25T13:33:29","guid":{"rendered":"https:\/\/www.vallivaldesi.chiesavaldese.org\/san-secondo\/?page_id=25"},"modified":"2020-05-25T15:33:31","modified_gmt":"2020-05-25T13:33:31","slug":"storia-della-chiesa","status":"publish","type":"page","link":"https:\/\/vallivaldesi.chiesavaldese.org\/san-secondo\/storia-della-chiesa\/","title":{"rendered":"Storia della Chiesa"},"content":{"rendered":"\n<p>La Chiesa valdese di San Secondo \u00e8 una delle ultime nate alle Valli valdesi: venne costituita ufficialmente nel 1958, al termine di un processo durato alcuni decenni e che affonda le sue radici tra fine Ottocento ed inizio Novecento.<\/p>\n\n\n\n<p>In quei decenni i valdesi che abitano a San Secondo appartengono alla chiesa di Pinerolo o Prarostino. Non esiste un tempio in questo comune, ma c&#8217;\u00e8 un luogo di ritrovo, ed \u00e8 la scuola Umberto I: l\u00e0 si tengono culti, battesimi, matrimoni, si riuniscono la Scuola domenicale, l&#8217;Union des M\u00e8res, la Corale.<\/p>\n\n\n\n<p>\u00c8 anche vivo tra i valdesi il desiderio di avere a San Secondo un luogo di culto adeguato, ma l&#8217;idea appare prematura.<\/p>\n\n\n\n<p>La proposta prende invece consistenza negli anni &#8217;40, quando se ne discute prima al Sinodo, quindi ad una Conferenza Distrettuale. Negli stessi anni giunge la proposta dei figli del pastore Cardon, residenti a San Secondo, di offrire parte della loro propriet\u00e0 per costruire un tempio; l&#8217;idea si concretizza nel 1955, con la firma dell&#8217;atto di donazione del terreno.<\/p>\n\n\n\n<p>L&#8217;anno successivo viene pubblicato il \u201cBando di concorso per il progetto di costruzione della Chiesa Valdese in San Secondo di Pinerolo\u201d, aperto agli ingegneri ed architetti evangelici iscritti ai rispettivi albi professionisti d&#8217;Italia.<\/p>\n\n\n\n<p>A vincere \u00e8 il progetto denominato \u201cM.G. 8956\u201d, ideato da un team formato dall\u2019arch. Giovanni Klaus K\u00f6nig, l&#8217;ing. Gianfranco Cerrina Feroni e l&#8217;ing. Claudio Messina.<\/p>\n\n\n\n<p>Per la popolazione valdese di San Secondo la cifra da raccogliere \u00e8 davvero notevole: si destinano a questo fine alcune collette particolari, tra le quali quella del XV agosto 1956 a Prarostino, quella di Natale 1956 e quella di domenica 8 dicembre 1957 in tutte le Chiese valdesi, ma \u00e8 soprattutto da notare il contributo delle singole famiglie di San Secondo, segno del forte desiderio di avere una Chiesa nel loro Comune.<\/p>\n\n\n\n<p>La posa della prima pietra avviene nel 1957, mentre l&#8217;inaugurazione del tempio si tiene domenica 28 settembre 1958, con un culto presieduto dal neo-moderatore Ermanno Rostan.<\/p>\n","protected":false},"excerpt":{"rendered":"<p>La Chiesa valdese di San Secondo \u00e8 una delle ultime nate alle Valli valdesi: venne costituita ufficialmente nel 1958, al termine di un processo durato alcuni decenni e che affonda<\/p>\n","protected":false},"author":1,"featured_media":0,"parent":0,"menu_order":0,"comment_status":"closed","ping_status":"closed","template":"","meta":{"footnotes":""},"class_list":["post-25","page","type-page","status-publish","hentry"],"jetpack_sharing_enabled":true,"_links":{"self":[{"href":"https:\/\/vallivaldesi.chiesavaldese.org\/san-secondo\/wp-json\/wp\/v2\/pages\/25","targetHints":{"allow":["GET"]}}],"collection":[{"href":"https:\/\/vallivaldesi.chiesavaldese.org\/san-secondo\/wp-json\/wp\/v2\/pages"}],"about":[{"href":"https:\/\/vallivaldesi.chiesavaldese.org\/san-secondo\/wp-json\/wp\/v2\/types\/page"}],"author":[{"embeddable":true,"href":"https:\/\/vallivaldesi.chiesavaldese.org\/san-secondo\/wp-json\/wp\/v2\/users\/1"}],"replies":[{"embeddable":true,"href":"https:\/\/vallivaldesi.chiesavaldese.org\/san-secondo\/wp-json\/wp\/v2\/comments?post=25"}],"version-history":[{"count":1,"href":"https:\/\/vallivaldesi.chiesavaldese.org\/san-secondo\/wp-json\/wp\/v2\/pages\/25\/revisions"}],"predecessor-version":[{"id":26,"href":"https:\/\/vallivaldesi.chiesavaldese.org\/san-secondo\/wp-json\/wp\/v2\/pages\/25\/revisions\/26"}],"wp:attachment":[{"href":"https:\/\/vallivaldesi.chiesavaldese.org\/san-secondo\/wp-json\/wp\/v2\/media?parent=25"}],"curies":[{"name":"wp","href":"https:\/\/api.w.org\/{rel}","templated":true}]}}

<p>La Chiesa valdese di San Secondo è una delle ultime nate alle Valli valdesi: venne costituita ufficialmente nel 1958, al termine di un processo durato alcuni decenni e che affonda le sue radici tra fine Ottocento ed inizio Novecento.</p>



<p>In quei decenni i valdesi che abitano a San Secondo appartengono alla chiesa di Pinerolo o Prarostino. Non esiste un tempio in questo comune, ma c&#8217;è un luogo di ritrovo, ed è la scuola Umberto I: là si tengono culti, battesimi, matrimoni, si riuniscono la Scuola domenicale, l&#8217;Union des Mères, la Corale.</p>



<p>È anche vivo tra i valdesi il desiderio di avere a San Secondo un luogo di culto adeguato, ma l&#8217;idea appare prematura.</p>



<p>La proposta prende invece consistenza negli anni &#8217;40, quando se ne discute prima al Sinodo, quindi ad una Conferenza Distrettuale. Negli stessi anni giunge la proposta dei figli del pastore Cardon, residenti a San Secondo, di offrire parte della loro proprietà per costruire un tempio; l&#8217;idea si concretizza nel 1955, con la firma dell&#8217;atto di donazione del terreno.</p>



<p>L&#8217;anno successivo viene pubblicato il “Bando di concorso per il progetto di costruzione della Chiesa Valdese in San Secondo di Pinerolo”, aperto agli ingegneri ed architetti evangelici iscritti ai rispettivi albi professionisti d&#8217;Italia.</p>



<p>A vincere è il progetto denominato “M.G. 8956”, ideato da un team formato dall’arch. Giovanni Klaus König, l&#8217;ing. Gianfranco Cerrina Feroni e l&#8217;ing. Claudio Messina.</p>



<p>Per la popolazione valdese di San Secondo la cifra da raccogliere è davvero notevole: si destinano a questo fine alcune collette particolari, tra le quali quella del XV agosto 1956 a Prarostino, quella di Natale 1956 e quella di domenica 8 dicembre 1957 in tutte le Chiese valdesi, ma è soprattutto da notare il contributo delle singole famiglie di San Secondo, segno del forte desiderio di avere una Chiesa nel loro Comune.</p>



<p>La posa della prima pietra avviene nel 1957, mentre l&#8217;inaugurazione del tempio si tiene domenica 28 settembre 1958, con un culto presieduto dal neo-moderatore Ermanno Rostan.</p>

<p>La Chiesa valdese di San Secondo è una delle ultime nate alle Valli valdesi: venne costituita ufficialmente nel 1958, al termine di un processo durato alcuni decenni e che affonda</p>
