{"id":17,"date":"2020-05-13T15:30:03","date_gmt":"2020-05-13T13:30:03","guid":{"rendered":"https:\/\/www.vallivaldesi.chiesavaldese.org\/rora\/?page_id=17"},"modified":"2020-05-13T15:30:04","modified_gmt":"2020-05-13T13:30:04","slug":"home","status":"publish","type":"page","link":"https:\/\/vallivaldesi.chiesavaldese.org\/rora\/","title":{"rendered":"Home"},"content":{"rendered":"\n<blockquote class=\"wp-block-quote is-layout-flow wp-block-quote-is-layout-flow\"><p>\u201c<em>Chiedete e vi sar\u00e0 dato, cercate e troverete, bussate e vi sar\u00e0 aperto\u201d <\/em><\/p><cite><em>(Mt. 7,7)<\/em><\/cite><\/blockquote>\n\n\n\n<p class=\"has-drop-cap\">La nostra chiesa \u00e8 una comunit\u00e0 aperta e accogliente. Il culto domenicale e tutte le sue attivit\u00e0 non sono rivolte soltanto ai suoi membri, bens\u00ec a tutte le persone interessate al dialogo e al confronto. Che siate gi\u00e0 credenti in Cristo, che vi riteniate persone in ricerca, che vi dichiariate atei o agnostici, che siate semplicemente mossi dalla curiosit\u00e0, sarete in ogni caso i benvenuti. Venite a trovarci!<\/p>\n\n\n\n<p>Il culto comunitario si tiene ogni domenica alle 10.<\/p>\n\n\n\n<p>Il pastore Sergio Manna \u00e8 disponibile per visite domiciliari o al presbiterio, contattandolo al telefono o via email.<\/p>\n\n\n\n<p>Anziani e malati, impossibilitati a partecipare ai culti, che desiderassero avere un breve culto e celebrare la Cena del Signore a casa potranno farne richiesta al pastore o a un membro del concistoro; il loro desiderio verr\u00e0 esaudito.<\/p>\n","protected":false},"excerpt":{"rendered":"<p>\u201cChiedete e vi sar\u00e0 dato, cercate e troverete, bussate e vi sar\u00e0 aperto\u201d (Mt. 7,7) La nostra chiesa \u00e8 una comunit\u00e0 aperta e accogliente. Il culto domenicale e tutte le<\/p>\n","protected":false},"author":1,"featured_media":0,"parent":0,"menu_order":0,"comment_status":"closed","ping_status":"closed","template":"","meta":{"footnotes":""},"class_list":["post-17","page","type-page","status-publish","hentry"],"jetpack_sharing_enabled":true,"_links":{"self":[{"href":"https:\/\/vallivaldesi.chiesavaldese.org\/rora\/wp-json\/wp\/v2\/pages\/17","targetHints":{"allow":["GET"]}}],"collection":[{"href":"https:\/\/vallivaldesi.chiesavaldese.org\/rora\/wp-json\/wp\/v2\/pages"}],"about":[{"href":"https:\/\/vallivaldesi.chiesavaldese.org\/rora\/wp-json\/wp\/v2\/types\/page"}],"author":[{"embeddable":true,"href":"https:\/\/vallivaldesi.chiesavaldese.org\/rora\/wp-json\/wp\/v2\/users\/1"}],"replies":[{"embeddable":true,"href":"https:\/\/vallivaldesi.chiesavaldese.org\/rora\/wp-json\/wp\/v2\/comments?post=17"}],"version-history":[{"count":1,"href":"https:\/\/vallivaldesi.chiesavaldese.org\/rora\/wp-json\/wp\/v2\/pages\/17\/revisions"}],"predecessor-version":[{"id":18,"href":"https:\/\/vallivaldesi.chiesavaldese.org\/rora\/wp-json\/wp\/v2\/pages\/17\/revisions\/18"}],"wp:attachment":[{"href":"https:\/\/vallivaldesi.chiesavaldese.org\/rora\/wp-json\/wp\/v2\/media?parent=17"}],"curies":[{"name":"wp","href":"https:\/\/api.w.org\/{rel}","templated":true}]}}

<blockquote class="wp-block-quote is-layout-flow wp-block-quote-is-layout-flow"><p>“<em>Chiedete e vi sarà dato, cercate e troverete, bussate e vi sarà aperto” </em></p><cite><em>(Mt. 7,7)</em></cite></blockquote>



<p class="has-drop-cap">La nostra chiesa è una comunità aperta e accogliente. Il culto domenicale e tutte le sue attività non sono rivolte soltanto ai suoi membri, bensì a tutte le persone interessate al dialogo e al confronto. Che siate già credenti in Cristo, che vi riteniate persone in ricerca, che vi dichiariate atei o agnostici, che siate semplicemente mossi dalla curiosità, sarete in ogni caso i benvenuti. Venite a trovarci!</p>



<p>Il culto comunitario si tiene ogni domenica alle 10.</p>



<p>Il pastore Sergio Manna è disponibile per visite domiciliari o al presbiterio, contattandolo al telefono o via email.</p>



<p>Anziani e malati, impossibilitati a partecipare ai culti, che desiderassero avere un breve culto e celebrare la Cena del Signore a casa potranno farne richiesta al pastore o a un membro del concistoro; il loro desiderio verrà esaudito.</p>

<p>“Chiedete e vi sarà dato, cercate e troverete, bussate e vi sarà aperto” (Mt. 7,7) La nostra chiesa è una comunità aperta e accogliente. Il culto domenicale e tutte le</p>
