{"id":42,"date":"2020-05-04T13:29:28","date_gmt":"2020-05-04T11:29:28","guid":{"rendered":"https:\/\/www.vallivaldesi.chiesavaldese.org\/angrogna\/?page_id=42"},"modified":"2025-04-30T12:19:27","modified_gmt":"2025-04-30T10:19:27","slug":"chi-siamo","status":"publish","type":"page","link":"https:\/\/vallivaldesi.chiesavaldese.org\/angrogna\/chi-siamo\/","title":{"rendered":"Chi siamo"},"content":{"rendered":"\n<p>Siamo una chiesa protestante evangelica valdese.<\/p>\n\n\n\n<p><strong>Chiesa<\/strong>: perch\u00e9 comunit\u00e0 di credenti.<\/p>\n\n\n\n<p><strong>Protestante<\/strong>: perch\u00e9 abbiamo aderito alla Riforma protestante nel 1532 e facciamo parte del grande mondo protestante che ritroviamo su tutti i continenti.<\/p>\n\n\n\n<p><strong>Evangelica<\/strong>: perch\u00e9 il nostro credo si basa e si orienta sul solo vangelo di Ges\u00f9 Cristo, per come esso \u00e8 annunciato nella Bibbia.<\/p>\n\n\n\n<p><strong>Valdese<\/strong>: perch\u00e9 abbiamo una storia che parte da un ricco mercante di Lione in Francia, di nome Valdo, attorno al 1170, il cui movimento, votato alla libera predicazione del vangelo e alla povert\u00e0, e scomunicato dalla chiesa di Roma, si diffuse in piccoli gruppi in tutta Europa.<\/p>\n\n\n\n<h2 class=\"wp-block-heading\">Dove siamo:<\/h2>\n\n\n\n<p>Tempio valdese, piazza Roma, 7, 10060 Angrogna (TO)<\/p>\n\n\n\n<h2 class=\"wp-block-heading\">Pastore: <\/h2>\n\n\n\n<p><strong>Pastore: <\/strong><br>Kassim Conteh kconteh@chiesavaldese.org<\/p>\n\n\n\n<p><strong>Pagina Facebook <\/strong><\/p>\n","protected":false},"excerpt":{"rendered":"<p>Siamo una chiesa protestante evangelica valdese. Chiesa: perch\u00e9 comunit\u00e0 di credenti. Protestante: perch\u00e9 abbiamo aderito alla Riforma protestante nel 1532 e facciamo parte del grande mondo protestante che ritroviamo su<\/p>\n","protected":false},"author":1,"featured_media":0,"parent":0,"menu_order":0,"comment_status":"closed","ping_status":"closed","template":"","meta":{"footnotes":""},"class_list":["post-42","page","type-page","status-publish","hentry"],"jetpack_sharing_enabled":true,"_links":{"self":[{"href":"https:\/\/vallivaldesi.chiesavaldese.org\/angrogna\/wp-json\/wp\/v2\/pages\/42","targetHints":{"allow":["GET"]}}],"collection":[{"href":"https:\/\/vallivaldesi.chiesavaldese.org\/angrogna\/wp-json\/wp\/v2\/pages"}],"about":[{"href":"https:\/\/vallivaldesi.chiesavaldese.org\/angrogna\/wp-json\/wp\/v2\/types\/page"}],"author":[{"embeddable":true,"href":"https:\/\/vallivaldesi.chiesavaldese.org\/angrogna\/wp-json\/wp\/v2\/users\/1"}],"replies":[{"embeddable":true,"href":"https:\/\/vallivaldesi.chiesavaldese.org\/angrogna\/wp-json\/wp\/v2\/comments?post=42"}],"version-history":[{"count":5,"href":"https:\/\/vallivaldesi.chiesavaldese.org\/angrogna\/wp-json\/wp\/v2\/pages\/42\/revisions"}],"predecessor-version":[{"id":106,"href":"https:\/\/vallivaldesi.chiesavaldese.org\/angrogna\/wp-json\/wp\/v2\/pages\/42\/revisions\/106"}],"wp:attachment":[{"href":"https:\/\/vallivaldesi.chiesavaldese.org\/angrogna\/wp-json\/wp\/v2\/media?parent=42"}],"curies":[{"name":"wp","href":"https:\/\/api.w.org\/{rel}","templated":true}]}}

<p>Siamo una chiesa protestante evangelica valdese.</p>



<p><strong>Chiesa</strong>: perché comunità di credenti.</p>



<p><strong>Protestante</strong>: perché abbiamo aderito alla Riforma protestante nel 1532 e facciamo parte del grande mondo protestante che ritroviamo su tutti i continenti.</p>



<p><strong>Evangelica</strong>: perché il nostro credo si basa e si orienta sul solo vangelo di Gesù Cristo, per come esso è annunciato nella Bibbia.</p>



<p><strong>Valdese</strong>: perché abbiamo una storia che parte da un ricco mercante di Lione in Francia, di nome Valdo, attorno al 1170, il cui movimento, votato alla libera predicazione del vangelo e alla povertà, e scomunicato dalla chiesa di Roma, si diffuse in piccoli gruppi in tutta Europa.</p>



<h2 class="wp-block-heading">Dove siamo:</h2>



<p>Tempio valdese, piazza Roma, 7, 10060 Angrogna (TO)</p>



<h2 class="wp-block-heading">Pastore: </h2>



<p><strong>Pastore: </strong><br>Kassim Conteh kconteh@chiesavaldese.org</p>



<p><strong>Pagina Facebook </strong></p>

<p>Siamo una chiesa protestante evangelica valdese. Chiesa: perché comunità di credenti. Protestante: perché abbiamo aderito alla Riforma protestante nel 1532 e facciamo parte del grande mondo protestante che ritroviamo su</p>
